 638 divide 1603370?
False
Is 364 a factor of 1969604?
True
Is 821 a factor of 1147938?
False
Is 96 a factor of 9418176?
True
Is 171712 a multiple of 8?
True
Is 1554776 a multiple of 261?
False
Is 6303808 a multiple of 224?
True
Does 19 divide 6921296?
False
Is 686952 a multiple of 56?
True
Is 2557660 a multiple of 56?
False
Is 9143413 a multiple of 103?
True
Does 50 divide 271300?
True
Does 423 divide 3352275?
True
Is 1323855 a multiple of 764?
False
Is 388 a factor of 987848?
True
Is 3250089 a multiple of 30?
False
Is 44 a factor of 4033894?
False
Is 23 a factor of 153157?
True
Is 179189 a multiple of 10?
False
Does 33 divide 5360817?
True
Does 12 divide 217394?
False
Is 171 a factor of 3434877?
True
Is 3486284 a multiple of 73?
False
Does 105 divide 3252270?
True
Is 359 a factor of 457725?
True
Is 5977838 a multiple of 94?
False
Is 5106287 a multiple of 8?
False
Is 234232 a multiple of 92?
True
Is 196296 a multiple of 7?
False
Does 17 divide 25445?
False
Is 28 a factor of 872732?
True
Is 95087 a multiple of 15?
False
Is 73 a factor of 3327413?
True
Is 151 a factor of 9713?
False
Does 30 divide 181257?
False
Is 931560 a multiple of 21?
True
Is 5 a factor of 2984535?
True
Does 20 divide 22222?
False
Is 144 a factor of 1907856?
True
Is 3606064 a multiple of 16?
True
Is 61 a factor of 2058506?
True
Does 36 divide 953100?
True
Is 54473 a multiple of 43?
False
Does 323 divide 3740340?
True
Is 308 a factor of 628012?
True
Is 671107 a multiple of 10?
False
Does 182 divide 322686?
True
Is 554550 a multiple of 50?
True
Is 150265 a multiple of 169?
False
Is 14 a factor of 14237818?
True
Is 198 a factor of 1329698?
False
Is 20 a factor of 104378?
False
Does 1083 divide 3688698?
True
Does 20 divide 468321?
False
Does 10 divide 31602?
False
Is 14 a factor of 2584386?
True
Does 64 divide 390909?
False
Is 171336 a multiple of 59?
True
Does 31 divide 1227011?
True
Is 56 a factor of 107912?
True
Does 19 divide 267786?
True
Does 1716 divide 5783357?
False
Is 241 a factor of 609489?
True
Is 32 a factor of 254913?
False
Does 10 divide 274430?
True
Does 29 divide 39092?
True
Is 3578377 a multiple of 53?
False
Is 2475 a multiple of 7?
False
Does 26 divide 1482962?
True
Is 19 a factor of 1009553?
False
Does 432 divide 3303564?
False
Is 321139 a multiple of 91?
True
Does 407 divide 163157?
False
Is 17594 a multiple of 3?
False
Is 79 a factor of 435706?
False
Is 30 a factor of 73620?
True
Does 211 divide 658618?
False
Is 5 a factor of 97851?
False
Does 428 divide 351388?
True
Is 10476 a multiple of 3?
True
Is 130877 a multiple of 341?
False
Does 15 divide 4887583?
False
Is 6538976 a multiple of 1016?
True
Does 118 divide 132632?
True
Does 10 divide 283883?
False
Is 35 a factor of 5853680?
True
Is 28 a factor of 1713129?
False
Is 11 a factor of 27016?
True
Does 10 divide 608280?
True
Is 14630518 a multiple of 886?
True
Is 73304 a multiple of 34?
True
Is 40 a factor of 11592600?
True
Is 6924127 a multiple of 161?
True
Is 149454 a multiple of 114?
True
Is 94 a factor of 691370?
True
Is 3767708 a multiple of 98?
True
Does 216 divide 1654344?
True
Is 15697386 a multiple of 177?
False
Is 262 a factor of 212220?
True
Does 69 divide 173372?
False
Does 14 divide 61353?
False
Is 644358 a multiple of 68?
False
Is 310 a factor of 16704032?
False
Is 206 a factor of 159238?
True
Is 223 a factor of 52363?
False
Does 15 divide 338370?
True
Is 175 a factor of 39001?
False
Is 5024880 a multiple of 112?
True
Is 3 a factor of 18118?
False
Is 2808635 a multiple of 17?
False
Does 110 divide 623362?
False
Is 2575834 a multiple of 942?
False
Is 301218 a multiple of 10?
False
Is 264945 a multiple of 255?
True
Does 3 divide 27762?
True
Is 2310 a multiple of 10?
True
Is 95 a factor of 163875?
True
Is 15 a factor of 263250?
True
Is 29 a factor of 1257624?
False
Is 488 a factor of 860754?
False
Is 423 a factor of 277950?
False
Is 2117 a factor of 6448382?
True
Does 111 divide 366633?
True
Is 45 a factor of 49192?
False
Does 35 divide 212975?
True
Is 669096 a multiple of 19?
False
Does 366 divide 3235334?
False
Is 458204 a multiple of 18?
False
Is 12 a factor of 516674?
False
Does 2 divide 17679?
False
Does 7 divide 473161?
False
Does 124 divide 9098551?
False
Does 64 divide 1919757?
False
Does 34 divide 3601042?
True
Is 26448 a multiple of 4?
True
Is 61 a factor of 68378?
False
Is 162996 a multiple of 47?
True
Does 33 divide 781022?
False
Is 1212698 a multiple of 643?
True
Does 193 divide 9011170?
True
Is 13 a factor of 5690858?
False
Is 538174 a multiple of 1398?
False
Does 154 divide 20249428?
False
Is 135906 a multiple of 11?
False
Is 133 a factor of 726313?
True
Is 4 a factor of 2494317?
False
Is 13 a factor of 2583916?
False
Is 4405482 a multiple of 3?
True
Is 81 a factor of 22842?
True
Does 13 divide 45269?
False
Is 2198020 a multiple of 1040?
False
Does 42 divide 42816?
False
Does 726 divide 436209?
False
Is 3 a factor of 187122?
True
Is 12 a factor of 92124?
True
Is 32 a factor of 5957993?
False
Is 4861665 a multiple of 90?
False
Does 47 divide 254176?
True
Is 8 a factor of 12063?
False
Is 1728858 a multiple of 43?
True
Does 155 divide 123845?
True
Is 5066892 a multiple of 194?
True
Is 82125 a multiple of 125?
True
Is 154 a factor of 25109?
False
Is 4591570 a multiple of 145?
True
Does 10 divide 209750?
True
Is 1378267 a multiple of 1177?
True
Is 130524 a multiple of 59?
False
Is 52 a factor of 190060?
True
Does 67 divide 939206?
True
Is 30 a factor of 222194?
False
Is 250 a factor of 147548?
False
Is 5 a factor of 7993?
False
Is 311152 a multiple of 120?
False
Is 1055277 a multiple of 514?
False
Does 16 divide 303824?
True
Does 46 divide 895114?
True
Is 241 a factor of 2805968?
False
Does 51 divide 552320?
False
Does 136 divide 32264936?
False
Does 11 divide 14256?
True
Does 1520 divide 10051760?
True
Does 305 divide 455060?
True
Is 137 a factor of 6378850?
False
Is 236 a factor of 2870546?
False
Does 37 divide 764913?
False
Is 19945680 a multiple of 164?
True
Does 3 divide 2115?
True
Is 1973 a factor of 5770212?
False
Is 2142807 a multiple of 38?
False
Is 321930 a multiple of 15?
True
Is 58 a factor of 511154?
True
Does 216 divide 1689552?
True
Does 131 divide 58099?
False
Is 236 a factor of 37593?
False
Is 1538100 a multiple of 45?
True
Is 41250 a multiple of 375?
True
Does 248 divide 2094608?
True
Is 12 a factor of 8664216?
True
Does 28 divide 8193587?
False
Is 81 a factor of 859545?
False
Is 3547152 a multiple of 17?
True
Does 235 divide 221586?
False
Does 293 divide 6001695?
False
Is 35 a factor of 153545?
True
Does 121 divide 509279?
False
Does 92 divide 566812?
True
Is 255517 a multiple of 379?
False
Does 3 divide 13486?
False
Is 202 a factor of 106858?
True
Does 8 divide 28889?
False
Is 39 a factor of 2977533?
True
Is 419403 a multiple of 29?
False
Does 4 divide 46860?
True
Is 194226 a multiple of 214?
False
Is 9 a factor of 383229?
True
Does 31 divide 112375?
True
Is 7367100 a multiple of 325?
True
Is 393113 a multiple of 22?
False
Is 688630 a multiple of 3?
False
Does 54 divide 12459796?
False
Does 26 divide 925054?
True
Is 1634008 a multiple of 6?
False
Is 424060 a multiple of 233?
True
Does 62 divide 235538?
True
Is 15216 a multiple of 62?
False
Is 20 a factor of 89620?
True
Is 39 a factor of 417066?
True
Is 95 a factor of 1157325?
False
Is 109 a factor of 663303?
False
Does 394 divide 9620692?
True
Is 5798240 a multiple of 112?
True
Does 4 divide 1797372?
True
Does 933 divide 100376?
False
Is 10 a factor of 48980?
True
Does 47 divide 296147?
True
Does 26 divide 196517?
False
Is 97550 a multiple of 122?
False
Does 74 divide 71706?
True
Is 179892 a multiple of 228?
True
Is 674661 a multiple of 39?
True
Is 62927 even?
False
Is 1527792 a multiple of 191?
False
Is 6 a factor of 58569?
False
Does 7 divide 189691?
False
Is 1117 a factor of 978443?
False
Is 6 a factor of 842292?
True
Does 359 divide 238017?
True
Is 121 a factor of 1290223?
True
Does 15 divide 1363155?
True
Does 15 divide 1409756?
False
Does 8 divide 836050?
False
Is 432 a factor of 831600?
True
Is 468433 a multiple of 26?
False
Does 25 divide 325083?
False
Does 304 divide 1704528?
True
Is 7313861 even?
False
Is 4 a factor of 37932?
True
Does 11 divide 273304?
False
Is 58 a factor of 2303215?
False
Is 130 a fa